{"id":4099,"date":"2020-01-17T11:08:00","date_gmt":"2020-01-17T10:08:00","guid":{"rendered":"https:\/\/content.hig.rup-dev.net\/referenz\/center-aleja-slowenien-lujubljana-aussen-und-innenbeschilderung-leitsystem\/"},"modified":"2023-06-12T11:14:45","modified_gmt":"2023-06-12T09:14:45","slug":"center-aleja-slowenien-lujubljana-aussen-und-innenbeschilderung-leitsystem","status":"publish","type":"referenz","link":"https:\/\/content.hig.rup-dev.net\/sk\/referenz\/center-aleja-slowenien-lujubljana-aussen-und-innenbeschilderung-leitsystem\/","title":{"rendered":"Stredisko Aleja Slovinsko &#8211; \u013dub\u013eana &#8211; vonkaj\u0161ie a vn\u00fatorn\u00e9 zna\u010denie, nav\u00e1dzac\u00ed syst\u00e9m"},"content":{"rendered":"","protected":false},"excerpt":{"rendered":"","protected":false},"featured_media":3531,"template":"","meta":{"_acf_changed":false,"ngg_post_thumbnail":0},"units":[29,25,26],"branche":[144],"geschaftsfeld":[145],"region":[146],"produktlosungen_signage":[148,147,154],"produktlosungen_lighting":[],"produktlosungen_shop_concepts":[],"class_list":["post-4099","referenz","type-referenz","status-publish","has-post-thumbnail","hentry","units-alcor","units-hig","units-signage","branche-obchod-priemysel-sluzby","geschaftsfeld-signage-und-illuminated-advertising-sk","region-juzna-vychodna-europa","produktlosungen_signage-svetelna-reklama","produktlosungen_signage-znacenie","produktlosungen_signage-znacenie-budov"],"acf":[],"yoast_head":"<!-- This site is optimized with the Yoast SEO plugin v27.4 - https:\/\/yoast.com\/product\/yoast-seo-wordpress\/ -->\n<title>Stredisko Aleja Slovinsko - \u013dub\u013eana - vonkaj\u0161ie a vn\u00fatorn\u00e9 zna\u010denie, nav\u00e1dzac\u00ed syst\u00e9m - Content Hub<\/title>\n<meta name=\"robots\" content=\"noindex, follow, max-snippet:-1, max-image-preview:large, max-video-preview:-1\" \/>\n<meta property=\"og:locale\" content=\"sk_SK\" \/>\n<meta property=\"og:type\" content=\"article\" \/>\n<meta property=\"og:title\" content=\"Stredisko Aleja Slovinsko - \u013dub\u013eana - vonkaj\u0161ie a vn\u00fatorn\u00e9 zna\u010denie, nav\u00e1dzac\u00ed syst\u00e9m - Content Hub\" \/>\n<meta property=\"og:url\" content=\"https:\/\/content.hig.rup-dev.net\/sk\/referenz\/center-aleja-slowenien-lujubljana-aussen-und-innenbeschilderung-leitsystem\/\" \/>\n<meta property=\"og:site_name\" content=\"Content Hub\" \/>\n<meta property=\"article:modified_time\" content=\"2023-06-12T09:14:45+00:00\" \/>\n<meta property=\"og:image\" content=\"https:\/\/content.hig.rup-dev.net\/wp-content\/uploads\/sites\/2\/2022\/11\/EKZ_Aleja_Slowenien_Fassade_2.jpg\" \/>\n\t<meta property=\"og:image:width\" content=\"1600\" \/>\n\t<meta property=\"og:image:height\" content=\"900\" \/>\n\t<meta property=\"og:image:type\" content=\"image\/jpeg\" \/>\n<meta name=\"twitter:card\" content=\"summary_large_image\" \/>\n<script type=\"application\/ld+json\" class=\"yoast-schema-graph\">{\"@context\":\"https:\\\/\\\/schema.org\",\"@graph\":[{\"@type\":\"WebPage\",\"@id\":\"https:\\\/\\\/content.hig.rup-dev.net\\\/sk\\\/referenz\\\/center-aleja-slowenien-lujubljana-aussen-und-innenbeschilderung-leitsystem\\\/\",\"url\":\"https:\\\/\\\/content.hig.rup-dev.net\\\/sk\\\/referenz\\\/center-aleja-slowenien-lujubljana-aussen-und-innenbeschilderung-leitsystem\\\/\",\"name\":\"Stredisko Aleja Slovinsko - \u013dub\u013eana - vonkaj\u0161ie a vn\u00fatorn\u00e9 zna\u010denie, nav\u00e1dzac\u00ed syst\u00e9m - Content Hub\",\"isPartOf\":{\"@id\":\"https:\\\/\\\/content.hig.rup-dev.net\\\/sk\\\/#website\"},\"primaryImageOfPage\":{\"@id\":\"https:\\\/\\\/content.hig.rup-dev.net\\\/sk\\\/referenz\\\/center-aleja-slowenien-lujubljana-aussen-und-innenbeschilderung-leitsystem\\\/#primaryimage\"},\"image\":{\"@id\":\"https:\\\/\\\/content.hig.rup-dev.net\\\/sk\\\/referenz\\\/center-aleja-slowenien-lujubljana-aussen-und-innenbeschilderung-leitsystem\\\/#primaryimage\"},\"thumbnailUrl\":\"https:\\\/\\\/content.hig.rup-dev.net\\\/wp-content\\\/uploads\\\/sites\\\/2\\\/2022\\\/11\\\/EKZ_Aleja_Slowenien_Fassade_2.jpg\",\"datePublished\":\"2020-01-17T10:08:00+00:00\",\"dateModified\":\"2023-06-12T09:14:45+00:00\",\"breadcrumb\":{\"@id\":\"https:\\\/\\\/content.hig.rup-dev.net\\\/sk\\\/referenz\\\/center-aleja-slowenien-lujubljana-aussen-und-innenbeschilderung-leitsystem\\\/#breadcrumb\"},\"inLanguage\":\"sk-SK\",\"potentialAction\":[{\"@type\":\"ReadAction\",\"target\":[\"https:\\\/\\\/content.hig.rup-dev.net\\\/sk\\\/referenz\\\/center-aleja-slowenien-lujubljana-aussen-und-innenbeschilderung-leitsystem\\\/\"]}]},{\"@type\":\"ImageObject\",\"inLanguage\":\"sk-SK\",\"@id\":\"https:\\\/\\\/content.hig.rup-dev.net\\\/sk\\\/referenz\\\/center-aleja-slowenien-lujubljana-aussen-und-innenbeschilderung-leitsystem\\\/#primaryimage\",\"url\":\"https:\\\/\\\/content.hig.rup-dev.net\\\/wp-content\\\/uploads\\\/sites\\\/2\\\/2022\\\/11\\\/EKZ_Aleja_Slowenien_Fassade_2.jpg\",\"contentUrl\":\"https:\\\/\\\/content.hig.rup-dev.net\\\/wp-content\\\/uploads\\\/sites\\\/2\\\/2022\\\/11\\\/EKZ_Aleja_Slowenien_Fassade_2.jpg\",\"width\":1600,\"height\":900,\"caption\":\"EKZ Aleja Slowenien Fassade 2\"},{\"@type\":\"BreadcrumbList\",\"@id\":\"https:\\\/\\\/content.hig.rup-dev.net\\\/sk\\\/referenz\\\/center-aleja-slowenien-lujubljana-aussen-und-innenbeschilderung-leitsystem\\\/#breadcrumb\",\"itemListElement\":[{\"@type\":\"ListItem\",\"position\":1,\"name\":\"Startseite\",\"item\":\"https:\\\/\\\/content.hig.rup-dev.net\\\/sk\\\/\"},{\"@type\":\"ListItem\",\"position\":2,\"name\":\"Stredisko Aleja Slovinsko &#8211; \u013dub\u013eana &#8211; vonkaj\u0161ie a vn\u00fatorn\u00e9 zna\u010denie, nav\u00e1dzac\u00ed syst\u00e9m\"}]},{\"@type\":\"WebSite\",\"@id\":\"https:\\\/\\\/content.hig.rup-dev.net\\\/sk\\\/#website\",\"url\":\"https:\\\/\\\/content.hig.rup-dev.net\\\/sk\\\/\",\"name\":\"Content Hub\",\"description\":\"Eine weitere Huber Infomotion Website\",\"potentialAction\":[{\"@type\":\"SearchAction\",\"target\":{\"@type\":\"EntryPoint\",\"urlTemplate\":\"https:\\\/\\\/content.hig.rup-dev.net\\\/sk\\\/?s={search_term_string}\"},\"query-input\":{\"@type\":\"PropertyValueSpecification\",\"valueRequired\":true,\"valueName\":\"search_term_string\"}}],\"inLanguage\":\"sk-SK\"}]}<\/script>\n<!-- \/ Yoast SEO plugin. -->","yoast_head_json":{"title":"Stredisko Aleja Slovinsko - \u013dub\u013eana - vonkaj\u0161ie a vn\u00fatorn\u00e9 zna\u010denie, nav\u00e1dzac\u00ed syst\u00e9m - Content Hub","robots":{"index":"noindex","follow":"follow","max-snippet":"max-snippet:-1","max-image-preview":"max-image-preview:large","max-video-preview":"max-video-preview:-1"},"og_locale":"sk_SK","og_type":"article","og_title":"Stredisko Aleja Slovinsko - \u013dub\u013eana - vonkaj\u0161ie a vn\u00fatorn\u00e9 zna\u010denie, nav\u00e1dzac\u00ed syst\u00e9m - Content Hub","og_url":"https:\/\/content.hig.rup-dev.net\/sk\/referenz\/center-aleja-slowenien-lujubljana-aussen-und-innenbeschilderung-leitsystem\/","og_site_name":"Content Hub","article_modified_time":"2023-06-12T09:14:45+00:00","og_image":[{"width":1600,"height":900,"url":"https:\/\/content.hig.rup-dev.net\/wp-content\/uploads\/sites\/2\/2022\/11\/EKZ_Aleja_Slowenien_Fassade_2.jpg","type":"image\/jpeg"}],"twitter_card":"summary_large_image","schema":{"@context":"https:\/\/schema.org","@graph":[{"@type":"WebPage","@id":"https:\/\/content.hig.rup-dev.net\/sk\/referenz\/center-aleja-slowenien-lujubljana-aussen-und-innenbeschilderung-leitsystem\/","url":"https:\/\/content.hig.rup-dev.net\/sk\/referenz\/center-aleja-slowenien-lujubljana-aussen-und-innenbeschilderung-leitsystem\/","name":"Stredisko Aleja Slovinsko - \u013dub\u013eana - vonkaj\u0161ie a vn\u00fatorn\u00e9 zna\u010denie, nav\u00e1dzac\u00ed syst\u00e9m - Content Hub","isPartOf":{"@id":"https:\/\/content.hig.rup-dev.net\/sk\/#website"},"primaryImageOfPage":{"@id":"https:\/\/content.hig.rup-dev.net\/sk\/referenz\/center-aleja-slowenien-lujubljana-aussen-und-innenbeschilderung-leitsystem\/#primaryimage"},"image":{"@id":"https:\/\/content.hig.rup-dev.net\/sk\/referenz\/center-aleja-slowenien-lujubljana-aussen-und-innenbeschilderung-leitsystem\/#primaryimage"},"thumbnailUrl":"https:\/\/content.hig.rup-dev.net\/wp-content\/uploads\/sites\/2\/2022\/11\/EKZ_Aleja_Slowenien_Fassade_2.jpg","datePublished":"2020-01-17T10:08:00+00:00","dateModified":"2023-06-12T09:14:45+00:00","breadcrumb":{"@id":"https:\/\/content.hig.rup-dev.net\/sk\/referenz\/center-aleja-slowenien-lujubljana-aussen-und-innenbeschilderung-leitsystem\/#breadcrumb"},"inLanguage":"sk-SK","potentialAction":[{"@type":"ReadAction","target":["https:\/\/content.hig.rup-dev.net\/sk\/referenz\/center-aleja-slowenien-lujubljana-aussen-und-innenbeschilderung-leitsystem\/"]}]},{"@type":"ImageObject","inLanguage":"sk-SK","@id":"https:\/\/content.hig.rup-dev.net\/sk\/referenz\/center-aleja-slowenien-lujubljana-aussen-und-innenbeschilderung-leitsystem\/#primaryimage","url":"https:\/\/content.hig.rup-dev.net\/wp-content\/uploads\/sites\/2\/2022\/11\/EKZ_Aleja_Slowenien_Fassade_2.jpg","contentUrl":"https:\/\/content.hig.rup-dev.net\/wp-content\/uploads\/sites\/2\/2022\/11\/EKZ_Aleja_Slowenien_Fassade_2.jpg","width":1600,"height":900,"caption":"EKZ Aleja Slowenien Fassade 2"},{"@type":"BreadcrumbList","@id":"https:\/\/content.hig.rup-dev.net\/sk\/referenz\/center-aleja-slowenien-lujubljana-aussen-und-innenbeschilderung-leitsystem\/#breadcrumb","itemListElement":[{"@type":"ListItem","position":1,"name":"Startseite","item":"https:\/\/content.hig.rup-dev.net\/sk\/"},{"@type":"ListItem","position":2,"name":"Stredisko Aleja Slovinsko &#8211; \u013dub\u013eana &#8211; vonkaj\u0161ie a vn\u00fatorn\u00e9 zna\u010denie, nav\u00e1dzac\u00ed syst\u00e9m"}]},{"@type":"WebSite","@id":"https:\/\/content.hig.rup-dev.net\/sk\/#website","url":"https:\/\/content.hig.rup-dev.net\/sk\/","name":"Content Hub","description":"Eine weitere Huber Infomotion Website","potentialAction":[{"@type":"SearchAction","target":{"@type":"EntryPoint","urlTemplate":"https:\/\/content.hig.rup-dev.net\/sk\/?s={search_term_string}"},"query-input":{"@type":"PropertyValueSpecification","valueRequired":true,"valueName":"search_term_string"}}],"inLanguage":"sk-SK"}]}},"_links":{"self":[{"href":"https:\/\/content.hig.rup-dev.net\/sk\/wp-json\/wp\/v2\/referenz\/4099","targetHints":{"allow":["GET"]}}],"collection":[{"href":"https:\/\/content.hig.rup-dev.net\/sk\/wp-json\/wp\/v2\/referenz"}],"about":[{"href":"https:\/\/content.hig.rup-dev.net\/sk\/wp-json\/wp\/v2\/types\/referenz"}],"wp:featuredmedia":[{"embeddable":true,"href":"https:\/\/content.hig.rup-dev.net\/sk\/wp-json\/wp\/v2\/media\/3531"}],"wp:attachment":[{"href":"https:\/\/content.hig.rup-dev.net\/sk\/wp-json\/wp\/v2\/media?parent=4099"}],"wp:term":[{"taxonomy":"units","embeddable":true,"href":"https:\/\/content.hig.rup-dev.net\/sk\/wp-json\/wp\/v2\/units?post=4099"},{"taxonomy":"branche","embeddable":true,"href":"https:\/\/content.hig.rup-dev.net\/sk\/wp-json\/wp\/v2\/branche?post=4099"},{"taxonomy":"geschaftsfeld","embeddable":true,"href":"https:\/\/content.hig.rup-dev.net\/sk\/wp-json\/wp\/v2\/geschaftsfeld?post=4099"},{"taxonomy":"region","embeddable":true,"href":"https:\/\/content.hig.rup-dev.net\/sk\/wp-json\/wp\/v2\/region?post=4099"},{"taxonomy":"produktlosungen_signage","embeddable":true,"href":"https:\/\/content.hig.rup-dev.net\/sk\/wp-json\/wp\/v2\/produktlosungen_signage?post=4099"},{"taxonomy":"produktlosungen_lighting","embeddable":true,"href":"https:\/\/content.hig.rup-dev.net\/sk\/wp-json\/wp\/v2\/produktlosungen_lighting?post=4099"},{"taxonomy":"produktlosungen_shop_concepts","embeddable":true,"href":"https:\/\/content.hig.rup-dev.net\/sk\/wp-json\/wp\/v2\/produktlosungen_shop_concepts?post=4099"}],"curies":[{"name":"wp","href":"https:\/\/api.w.org\/{rel}","templated":true}]}}

Stredisko Aleja Slovinsko &#8211; Ľubľana &#8211; vonkajšie a vnútorné značenie, navádzací systém

<!-- This site is optimized with the Yoast SEO plugin v27.4 - https://yoast.com/product/yoast-seo-wordpress/ -->
<title>Stredisko Aleja Slovinsko - Ľubľana - vonkajšie a vnútorné značenie, navádzací systém - Content Hub</title>
<meta name="robots" content="noindex, follow, max-snippet:-1, max-image-preview:large, max-video-preview:-1" />
<meta property="og:locale" content="sk_SK" />
<meta property="og:type" content="article" />
<meta property="og:title" content="Stredisko Aleja Slovinsko - Ľubľana - vonkajšie a vnútorné značenie, navádzací systém - Content Hub" />
<meta property="og:url" content="https://content.hig.rup-dev.net/sk/referenz/center-aleja-slowenien-lujubljana-aussen-und-innenbeschilderung-leitsystem/" />
<meta property="og:site_name" content="Content Hub" />
<meta property="article:modified_time" content="2023-06-12T09:14:45+00:00" />
<meta property="og:image" content="https://content.hig.rup-dev.net/wp-content/uploads/sites/2/2022/11/EKZ_Aleja_Slowenien_Fassade_2.jpg" />
	<meta property="og:image:width" content="1600" />
	<meta property="og:image:height" content="900" />
	<meta property="og:image:type" content="image/jpeg" />
<meta name="twitter:card" content="summary_large_image" />
<script type="application/ld+json" class="yoast-schema-graph">{"@context":"https:\/\/schema.org","@graph":[{"@type":"WebPage","@id":"https:\/\/content.hig.rup-dev.net\/sk\/referenz\/center-aleja-slowenien-lujubljana-aussen-und-innenbeschilderung-leitsystem\/","url":"https:\/\/content.hig.rup-dev.net\/sk\/referenz\/center-aleja-slowenien-lujubljana-aussen-und-innenbeschilderung-leitsystem\/","name":"Stredisko Aleja Slovinsko - Ľubľana - vonkajšie a vnútorné značenie, navádzací systém - Content Hub","isPartOf":{"@id":"https:\/\/content.hig.rup-dev.net\/sk\/#website"},"primaryImageOfPage":{"@id":"https:\/\/content.hig.rup-dev.net\/sk\/referenz\/center-aleja-slowenien-lujubljana-aussen-und-innenbeschilderung-leitsystem\/#primaryimage"},"image":{"@id":"https:\/\/content.hig.rup-dev.net\/sk\/referenz\/center-aleja-slowenien-lujubljana-aussen-und-innenbeschilderung-leitsystem\/#primaryimage"},"thumbnailUrl":"https:\/\/content.hig.rup-dev.net\/wp-content\/uploads\/sites\/2\/2022\/11\/EKZ_Aleja_Slowenien_Fassade_2.jpg","datePublished":"2020-01-17T10:08:00+00:00","dateModified":"2023-06-12T09:14:45+00:00","breadcrumb":{"@id":"https:\/\/content.hig.rup-dev.net\/sk\/referenz\/center-aleja-slowenien-lujubljana-aussen-und-innenbeschilderung-leitsystem\/#breadcrumb"},"inLanguage":"sk-SK","potentialAction":[{"@type":"ReadAction","target":["https:\/\/content.hig.rup-dev.net\/sk\/referenz\/center-aleja-slowenien-lujubljana-aussen-und-innenbeschilderung-leitsystem\/"]}]},{"@type":"ImageObject","inLanguage":"sk-SK","@id":"https:\/\/content.hig.rup-dev.net\/sk\/referenz\/center-aleja-slowenien-lujubljana-aussen-und-innenbeschilderung-leitsystem\/#primaryimage","url":"https:\/\/content.hig.rup-dev.net\/wp-content\/uploads\/sites\/2\/2022\/11\/EKZ_Aleja_Slowenien_Fassade_2.jpg","contentUrl":"https:\/\/content.hig.rup-dev.net\/wp-content\/uploads\/sites\/2\/2022\/11\/EKZ_Aleja_Slowenien_Fassade_2.jpg","width":1600,"height":900,"caption":"EKZ Aleja Slowenien Fassade 2"},{"@type":"BreadcrumbList","@id":"https:\/\/content.hig.rup-dev.net\/sk\/referenz\/center-aleja-slowenien-lujubljana-aussen-und-innenbeschilderung-leitsystem\/#breadcrumb","itemListElement":[{"@type":"ListItem","position":1,"name":"Startseite","item":"https:\/\/content.hig.rup-dev.net\/sk\/"},{"@type":"ListItem","position":2,"name":"Stredisko Aleja Slovinsko &#8211; Ľubľana &#8211; vonkajšie a vnútorné značenie, navádzací systém"}]},{"@type":"WebSite","@id":"https:\/\/content.hig.rup-dev.net\/sk\/#website","url":"https:\/\/content.hig.rup-dev.net\/sk\/","name":"Content Hub","description":"Eine weitere Huber Infomotion Website","potentialAction":[{"@type":"SearchAction","target":{"@type":"EntryPoint","urlTemplate":"https:\/\/content.hig.rup-dev.net\/sk\/?s={search_term_string}"},"query-input":{"@type":"PropertyValueSpecification","valueRequired":true,"valueName":"search_term_string"}}],"inLanguage":"sk-SK"}]}</script>
<!-- / Yoast SEO plugin. -->

Stredisko Aleja Slovinsko - Ľubľana - vonkajšie a vnútorné značenie, navádzací systém - Content Hub
